 -8 + 15. Let y = r + -4. Suppose 0 = -2*n, 40 = y*z + z + n. What is the tens digit of z?
1
Suppose -2*n = 5*c - 3 - 16, n = -3*c + 12. Suppose 0*f - c*f + 35 = 0. What is the units digit of f?
7
Suppose t - 4 = 0, 0*y = -3*y + 3*t. Let l be 2/y - (-156)/8. Let v = 29 - l. What is the units digit of v?
9
Let g = -24 - -10. Let c(k) = k**2 + 14*k + 12. What is the units digit of c(g)?
2
Suppose m - 1 = -2*h, -h - 2*m = -6*h + 16. Suppose 3*c + 5*f = 54, 0 = -4*c + 2*f + h*f + 40. What is the tens digit of c?
1
Let k(d) = d**2 - 5*d + 5. Let b be k(4). Let f = b - -6. What is the units digit of f?
7
Suppose -10*y - 520 + 1360 = 0. What is the units digit of y?
4
Suppose -2*n = 2*n - 20. What is the tens digit of (-9)/15 - (-93)/n?
1
Suppose p + 2 = b, -1 = -5*p + b + 5. Suppose -8 = p*g, -2*d + 108 = 3*d - 2*g. What is the units digit of d?
0
Let u(b) = 9*b - 17. What is the tens digit of u(10)?
7
Let c(f) = -f**2 - 5*f - 1. Let u be c(-7). Let y = 5 - u. What is the units digit of y?
0
Let c(n) be the first derivative of n**3/3 - 3*n**2 + 7*n + 3. Let g be c(5). Suppose 4*z - 22 = g*z. What is the units digit of z?
1
Suppose -3*f + 159 = 3*q, -4*f + 102 = 4*q - 2*q. Suppose o = 4*u - o - 36, -5*u = -5*o - q. What is the units digit of u?
7
Let y(h) = h**2 + 3*h - 3. What is the units digit of y(-4)?
1
Let d(i) = 2*i**2 - 8*i + 5. Let y be d(6). Let k = y + -17. What is the units digit of k?
2
Let p = 4 - 0. Suppose -2*c = p*b + 56, c + 3*b = 2*b - 33. Let v = -22 - c. What is the tens digit of v?
1
Let g = -53 - -126. What is the tens digit of g?
7
Let x(r) = 2 + 42*r**2 + 7*r**2 - 3 + 4 + 2*r. What is the tens digit of x(-1)?
5
Let z(u) = 5*u - 6. Let d be z(4). What is the units digit of 2 + d + (3 - 2)?
7
Suppose 3*x = -4*b + 23, 5 - 20 = -3*x. Suppose -q + 4 - b = 0. What is the units digit of q?
2
Let s(m) = -m**3 + 2*m**2 - 2*m - 3. What is the units digit of s(-3)?
8
Let t = 5 + -15. Let h = 25 + t. What is the units digit of h?
5
Let s be (-75)/4 - (-2)/(-8). Let h = s - -30. What is the tens digit of h?
1
Let b(i) = 2*i - 4. Let z(k) = k - 5. Let f(j) = -3*b(j) + 4*z(j). What is the units digit of f(-8)?
8
Let i(l) = -2*l - 4. Suppose 5*m + 30 = 2*m. What is the tens digit of i(m)?
1
Let f = 19 + 0. What is the tens digit of f?
1
Let g(s) be the second derivative of -s**5/20 + 3*s**4/4 + s**3/6 + 3*s**2/2 + s. What is the tens digit of g(9)?
1
Suppose d + 4*d = 15. Let y be (d/2)/(12/32). Suppose y*k - 23 = 25. What is the tens digit of k?
1
Suppose -2*y - 2 = 2*c, 2*c + 3*y = c - 7. Suppose -6 = -5*z + c*z. What is the units digit of z?
2
Let n = 379 - 250. What is the hundreds digit of n?
1
Let h(c) = 28*c**3 - 4*c + 7. What is the tens digit of h(2)?
2
Suppose -5*y = -z - 132, y + 0*y - 4*z - 34 = 0. What is the tens digit of y?
2
Let r = -103 + 165. What is the tens digit of r?
6
Let t(s) = s**3 - 4*s**2 + 4*s. Let b be t(3). Suppose 0*u = b*u - 18. Let q = u - 2. What is the units digit of q?
4
Suppose -54 = -4*j - 3*f, 5*f = 13 - 3. Suppose 5*c = 2*h - h + 24, -2*h + c = j. What is the units digit of (-4 + 3)/(2/h)?
2
Let t = -248 - -440. What is the hundreds digit of t?
1
Let o = 335 + -194. What is the hundreds digit of o?
1
Let v(d) = -d**2 - 10*d + 4. What is the tens digit of v(-8)?
2
Suppose 0 = -p - p + 12. What is the units digit of p?
6
Suppose 0 = -4*z - 5*m + 271, -34 = z + 3*m - 100. What is the tens digit of z?
6
Suppose -31 - 29 = 5*n. What is the units digit of n/20 + 126/10?
2
Let r(q) = -5*q - 11. What is the tens digit of r(-16)?
6
Suppose -4*s = -5*w + 251, 231 = 4*w + w + s. What is the units digit of w?
7
Let l(b) = 3*b**2 - 8*b + 22. What is the units digit of l(7)?
3
Let k be 1 - (-31)/1 - 3. Suppose 4*v - 3*p = 29, k = -5*v - p + 89. What is the units digit of v?
1
Let y(g) = 9*g - 4. Let f be y(3). Let t = f + -15. What is the units digit of t?
8
Let o(t) be the third derivative of t**5/60 + t**4/12 - t**3/6 + 2*t**2. Let n be o(-2). Let p = n + 8. What is the units digit of p?
7
Let c(z) = -31*z - 3. What is the tens digit of c(-3)?
9
Suppose 0*c - 15 = -3*c. Suppose -c*r + 71 = -29. What is the tens digit of r?
2
Let r(i) = -3 - 4*i**2 + 2 + 5*i**2. Let o be r(-5). Suppose 3*l = -4*y + 6*y + o, -3*l + y = -27. What is the units digit of l?
0
Let i(u) be the second derivative of u**4/12 - u**3/3 - u**2/2 + 3*u. Let j be i(2). Let q = j + 5. What is the units digit of q?
4
Let l(p) = -p**3 - 6*p**2 - 5*p + 3. Let q be l(-5). Let m be (-4)/(2*q/(-12)). Suppose -s = -2*x - 20, 5*s - 2*x + m = 76. What is the units digit of s?
2
Let u = -57 - -85. What is the units digit of u?
8
Suppose 2*v + 5*m = 31, 4*m - 36 = -3*v - 7. Suppose 3*p - v*u = 6, 2*u = -6*p + p + 31. Suppose p*w = -4 + 9. What is the units digit of w?
1
Suppose -6*u + 32 = -2*u. Let b = u - 5. What is the units digit of ((-6)/4)/(b/(-12))?
6
Let f(i) = -i + 20. Let w be f(8). Suppose 22 = 4*d - 2*o, -d - 5*o + 1 = w. What is the units digit of d?
4
Let u(w) = w**2 + 11*w - 6 - 11*w + 31. What is the units digit of u(0)?
5
Suppose 2*s - 2982 = -12*s. What is the units digit of s?
3
Suppose 4*h - h = -12. Let v be 0 - (4 - 0 - -2). What is the units digit of h/v*(-36)/(-8)?
3
Suppose -255 = -j + 6*j. What is the tens digit of (-2)/(-8) - j/4?
1
What is the units digit of (-8)/(-5) + (-2)/(-5)?
2
Suppose 28*d + 237 = 31*d. What is the tens digit of d?
7
Suppose 3*n - 329 = -2*z - 94, n + 5*z - 74 = 0. Let d = n - 55. What is the tens digit of d?
2
Let k(a) = -a**3 + 6*a**2 + 2. Let w be k(6). Let s be (-15)/9 - w/6. Let b(x) = -3*x - 3. What is the units digit of b(s)?
3
Let l(j) = j. Let x be (-3)/12 - (-34)/8. Let q be l(x). Let g = 6 - q. What is the units digit of g?
2
Let a(g) = 51*g**3 - 11*g**2 - 9*g + 2. Let o(m) = -26*m**3 + 5*m**2 + 4*m - 1. Let d(w) = 4*a(w) + 9*o(w). What is the tens digit of d(-1)?
3
Let s(d) = -d + 10. Let n be s(0). Suppose -t + n = t. What is the units digit of t?
5
Let p(n) = -n**3 + 10*n**2 - n + 12. Let v be p(10). Let j(w) = 2*w**3 + 3*w**2 - 3*w. What is the tens digit of j(v)?
2
Suppose 2*z = -5*k + 5, 2*k - 4*z = z + 31. Suppose 0 = 2*y + k*y - 40. Suppose y*l - 20 = -5*r + 3*l, 4*r = 5*l + 25. What is the units digit of r?
5
Let x(s) = -s**3 + 8*s**2 - 8. What is the units digit of x(7)?
1
Let p = 182 + -84. What is the tens digit of p?
9
Let j = 10 - 16. Let d(f) be the third derivative of -f**5/60 - 3*f**4/8 - f**2. What is the units digit of d(j)?
8
Let n be (-2)/5 + (-412)/20. Let d be (-342)/n + 4/(-14). Let t = d - 10. What is the units digit of t?
6
Let m be (4 - (-76)/(-16))*12. What is the units digit of 4/(-18) + (-452)/m?
0
Let z = -228 + 351. Suppose -3*k + 3*b = 167 + 208, b = -k - z. What is the tens digit of (-2)/5 - k/10?
1
Suppose 2*d + 13 - 1 = 0. Let s(i) = i**2 + 5*i + 1. What is the units digit of s(d)?
7
Suppose 78 = 8*h - 5*h. What is the tens digit of h?
2
Let z be 1/(-2)*1*-12. Let r be (-20)/z*15/(-10). What is the units digit of ((-1)/3)/(r/(-60))?
4
Let l(u) = -u**3 - 12*u**2 + 14*u + 10. Let q be l(-13). What is the units digit of 3/(-1*q/5)?
5
Let x be (2/3)/(2/9). Let p be 3*(-5)/x*-1. Suppose -12 = -p*u + u. What is the units digit of u?
3
Let i(r) = -2*r**3 - 4*r**2 - r + 2. Let l be i(-2). Suppose 0 = -f - l*f + 65. What is the units digit of f?
3
Let h(x) = 3*x - 2. What is the tens digit of h(5)?
1
Suppose -116 - 7 = 3*l. Let v = l - -73. Let y = -23 + v. What is the units digit of y?
9
Suppose 3 = -4*v - 1. What is the units digit of v + 1 + 0 - -5?
5
Let u be -3 - 1*4/(-4). What is the units digit of 1/(4 + (u - 1))?
1
Let m = 1 + -3. Let l = 1 + m. What is the units digit of l + 3/1 + 0?
2
What is the tens digit of (-626)/(-6) - 7/21?
0
Let q be 33/6 + 1/(-2). Suppose m - 5*p = 6*m - 35, -q*m - 4*p + 31 = 0. What is the units digit of m?
3
Suppose -2 = r + 1, 4*h + 2*r - 10 = 0. Suppose h*z - t - 3*t = 72, -5*z = 5*t - 40. What is the units digit of z?
3
Suppose 5*c - 4*s - 22 = 0, 2*c - s = -0*s + 7. Suppose 4*i - 2 = c. What is the units digit of i?
1
Let o be ((-2)/(-4))/((-1)/(-6)). Let z = -8 + o. Let g = -2 - z. What is the units digit of g?
3
Let k = -25 - -66. What is the units digit of k?
1
Let s(x) = -x**2 + 4. Let t(a) = -a**2 - 8*a + 9. Let f be t(-